2). Let y = 1 - t. Let n be 6/(-10)*(y + -11). Calculate x(n).
2
Let p(s) = -s**3 + 9*s**2 - 9*s + 11. Suppose -2*b = -4*b + 2*d + 90, 2*d = -5*b + 204. Let l = b + -34. Calculate p(l).
3
Let n be (6/3)/((-4)/(-6)). Suppose -4*w = n*z - 8*z - 27, -w + z = -6. Let f(l) = 1 + 5 - 4 - 3*l**2 + 2*l**w. Give f(2).
6
Let f(z) be the first derivative of -z + 1/2*z**2 - 8 + 8/3*z**3. Calculate f(1).
8
Let v be (-5)/(-10)*10 - 6. Let m(y) = -6*y + 3. Let j(d) = d - 1. Let x(f) = 15*j(f) + 5*m(f). Give x(v).
15
Suppose -2*j = -j - 2. Let g(s) be the third derivative of 1/24*s**4 + 2*s**2 - 1/6*s**3 + 0*s + 0. Determine g(j).
1
Let z(n) = -19*n**3 - n**2 + 1. Suppose -4*m - 2*l - 14 = -0, 2*l + 9 = m. What is z(m)?
19
Let o(d) = 2*d + 10. Let g be o(8). Let c = g - 8. Let j be (c/15)/((-6)/20). Let x(f) = f**3 + 3*f**2 - 4*f + 3. Give x(j).
3
Let n(h) = 4*h + 4. Let o be n(-3). Let b(f) = -26*f**2 + f**3 + 2*f + 107*f**2 - 19*f**2 - 54*f**2 + 10. Calculate b(o).
-6
Let z(x) = 9*x. Let r(h) = -176*h. Let v(i) = 4*r(i) + 77*z(i). Calculate v(1).
-11
Suppose 4 = 2*i - x - 3, -4*x - 16 = -4*i. Suppose -4*p = -2*c + 16, 3*p + 7 = -i*c - 5. Let y(f) = f**3 + 2. Give y(c).
2
Let v(p) = 8*p**3 + p**2 + p - 1. Let u(f) = f**2. Suppose 6 - 1 = -5*k. Let t be u(k). What is v(t)?
9
Let b(m) = 11*m - 15*m + 3 + 19*m - 3. Determine b(-2).
-30
Suppose 161 = 4*q + 3*q. Suppose -2*l - l + 5*c + 1 = 0, l + 4*c - q = 0. Let n(o) = o**3 - 7*o**2 + o + 1. Give n(l).
8
Let w(h) be the second derivative of -h**3/6 - 5*h**2 - 4166*h. Suppose -60 = 7*u - 2*u. What is w(u)?
2
Suppose -21*j = -25*j - 4. Let q = -5 + j. Let k(m) be the third derivative of -m**6/120 - m**5/12 + m**4/6 - m**3 + 3*m**2. Give k(q).
6
Suppose -9*p + 4*p = 70. Let l = -12 - p. Let f(z) = -z**3 + 3*z**2 - 2*z + 1. Determine f(l).
1
Suppose -120*i = -110*i - 60. Let a(o) = o**2 - 4*o + 1. Determine a(i).
13
Let w(u) = -u**3 - 7*u**2 - 5. Let n be w(-7). Let r(q) = q**3 + 4*q**2 - 4*q + 5. Calculate r(n).
0
Let z(p) = -p**3 + p**2 - 3*p - 6. Let v(m) be the first derivative of m**4/4 + m**2/2 + 3*m + 5. Let g(n) = 5*v(n) + 3*z(n). Give g(-3).
-18
Let i(f) = 7*f**2 - 5*f - 7. Let j be 1 - (-8 + 0 + 14). Let h(m) = 3*m - 1 + 5 - 3*m**2 - m**2. Let a(d) = j*h(d) - 3*i(d). Calculate a(1).
0
Let z(h) be the second derivative of -h**4/6 - 3*h**3/2 - 9*h**2/2 + h + 88. Determine z(-4).
-5
Let r(h) be the second derivative of -h**4/12 + 5*h**3/6 - 3*h**2 - 6*h. Suppose -15 = -5*y - 0. Suppose 0 = y*s + 5 - 17. What is r(s)?
-2
Let o(z) = 3*z - 2. Let p be o(2). Suppose 4*q + p*m - 16 = 0, 0 = -5*q + 2*q + m + 8. Let x(u) = u**2 - 4*u + 1. What is x(q)?
-2
Let a(o) = -9*o + 23 - 6*o - 2*o + 13*o. What is a(9)?
-13
Let k(a) be the second derivative of -a**5/20 - a**4/2 + a**3/2 - a**2 + 2*a + 47. Determine k(-6).
-20
Let n(g) be the first derivative of g**4/4 + 7*g**3/3 - 11*g**2/2 - 12*g + 367. Determine n(-8).
12
Let y(v) = v**2 + 9*v + 2. Suppose -c + 21 = -j, 3*c + 2*c = -4*j + 105. Suppose -16*d + c*d = -35. What is y(d)?
-12
Let l(h) = -5*h**2 - h - 4. Let d be (0 + -3 - 5)/2. Let x(t) = -1. Let o(q) = 1. Let f(k) = 2*o(k) + x(k). Let j(s) = d*f(s) - l(s). Determine j(-1).
4
Let c(j) be the third derivative of 0 + 1/360*j**6 + 5/24*j**4 + 1/2*j**3 - 1/40*j**5 - 3*j**2 + 0*j. Let f(l) be the first derivative of c(l). What is f(4)?
9
Suppose -4*m = -6*m + 4. Let w(y) = 3*y + 30 - 32 - 4*y**3 + 5*y**m + 5*y**3. Suppose 3*c + 8 = -1. Give w(c).
7
Let i(g) = 2*g**2 - 21*g - 22. Let l(p) = -8*p - 1. Let m(f) = i(f) - 4*l(f). Determine m(-7).
3
Let g = 691 - 685. Let q(r) = r**3 - 7*r**2 - 2*r + 6. Calculate q(g).
-42
Let h(t) = 4*t - 11. Let o(x) = -5*x + 11. Let c(l) = -6*h(l) - 5*o(l). Let d = 4 - 15. Let q = -16 - d. Calculate c(q).
6
Let x = -3 - -4. Let z(j) = -1 + 4532*j**2 - 2272*j**2 - 2266*j**2 + j. What is z(x)?
-6
Let k(n) = -n**2 + 2*n + 4. Suppose -6*z + 4*d = -8*z + 10, 4*z + 3*d = 15. Calculate k(z).
1
Let t(z) = 15*z + 11*z + 12*z**3 + 7 - 8 - 26*z. Let n = -9 + 15. Suppose -4*c + 23 = 5*x - n, 3*x - 13 = 2*c. What is t(c)?
11
Let k(v) = -7*v**2 + 2*v**2 - 7*v - 4 - v**3 - 2. Let f(p) = 2*p**2 + 16*p + 15. Let t be f(-6). Let j = 5 + t. Calculate k(j).
6
Let o(y) be the first derivative of 1/2*y**2 - 3*y + 2. Determine o(5).
2
Suppose 3*o + 5*z - 6 = 4, -2*o + 28 = -2*z. Let b(s) = 2*s - o*s + 7*s. Calculate b(-5).
5
Let j(f) = 11*f**3 + 4*f**2 - 5*f - 11. Let p(r) = -4*r**3 - r**2 + 2*r + 4. Let d(h) = -3*j(h) - 8*p(h). Let n be (-5)/30*-2*(-12)/1. Determine d(n).
5
Let c = 15 - 13. Let q be 2*(-4)/(-2 - c). Suppose 0 = -k - 0*k + q. Let n(w) = -w**2 + 4*w + 1. Determine n(k).
5
Let p(g) be the third derivative of -g**4/8 + g**3/6 - 2*g**2. Let z be p(1). Let n(u) be the first derivative of -u**2 - u - 3. Calculate n(z).
3
Suppose 37 = -3*w + 19. Let z(y) = -y**3 - 5*y**2 + 6*y - 3. What is z(w)?
-3
Let k be 3/(3/(-15)*3). Let b = -10 - k. Let i(p) be the second derivative of -p**4/12 - 5*p**3/6 - p**2 + 6*p. What is i(b)?
-2
Let f = -41 - -53. Suppose m - 6 = -f. Let g(p) = 3*p - 6. Determine g(m).
-24
Let q = 9 + -4. Suppose q*l = -14 - 11. Let x(h) = -3*h - 4. Give x(l).
11
Let y(w) = -w**2 + 41*w + 452. Let g be y(-9). Let t(j) = 2*j - 1. Calculate t(g).
3
Let m(l) = -222*l - 5777. Let u be m(-26). Let z(t) = -t**3 - 5*t**2 + 2*t + 0*t + 0 + 4. Calculate z(u).
-6
Let c(v) = -3 + 10*v**2 - 28*v + 1 + 30*v + 0*v**2. Give c(1).
10
Let p = 42 - 42. Suppose p = -5*f + 6*f - 4. Let r(j) = -j**2 + 2*j. Determine r(f).
-8
Let m(l) = l - 1. Let x(b) = 3*b + 3. Let f be (-27)/33 + 10/(-55). Let h(g) = f*x(g) + 4*m(g). Suppose 2*i + 1 = -c, 3*c + 2*i - 1 = -2*i. What is h(c)?
-4
Let j(l) = 2*l - 3. Suppose 0 = 3*d - o - 19, 6*d + 2*o = 4*d + 2. Suppose d*y = -4*n - 7, 2*n + 3*n = -4*y - 2. Give j(n).
1
Let m(j) = 8*j. Let u(g) = -g - 2. Let b(t) = t**2 + 5*t - 3. Let f be b(-6). Suppose 3*n + 0 + f = 0. Let h be u(n). Calculate m(h).
-8
Let c(h) = h**2 - 6*h + 7. Suppose 3*d = -5*l - 13, -2*d + 13 = -0*l - l. Determine c(d).
-1
Let z(c) = -c + 13. Let i be 0/(17/85*(-1 + -4)). What is z(i)?
13
Let b(k) = 3*k + 5 + 1 + 6 - 13 + 2*k. What is b(-1)?
-6
Let x(n) be the second derivative of 3*n**2 - 22*n + 1/2*n**3 + 0. Let m be ((-3)/(-3))/((-1)/5). Calculate x(m).
-9
Suppose -2*q - 9 + 13 = 0. Suppose -8 = -2*w - 4*i, -q*w - w - 4*i = -10. Let l(s) = 6 - 3*s + w*s + 0*s. Calculate l(4).
2
Suppose -35 - 13 = -8*u. Suppose -u*r + 4 - 16 = 0. Let s(t) be the first derivative of 3*t**2/2 - t - 1. Determine s(r).
-7
Let j(b) = -13*b - 17. Let c(u) = -7*u - 9. Let x(i) = 11*c(i) - 6*j(i). Suppose 2*d + 99 = -3*d + s, -s = -4. Let l = d - -12. Give x(l).
-4
Let y(l) = -l**2 - l - 1. Let r(j) = 5*j**2 + 7*j + 5. Let v(g) = r(g) + 6*y(g). Calculate v(2).
-3
Let c be (3/4)/(3/96). Let k be (-2)/(-7) + c/14. Let q(a) = a**3 - k*a**3 - 2*a - a**2 - 4*a**2. Give q(-3).
-12
Let g = -6 + 7. Let q = g - -1. Suppose q*z + 3*z = -20. Let o(b) = b**3 + 3*b**2 - 3*b - 1. What is o(z)?
-5
Let x(v) = -5*v**3 + 5*v**2 + 7*v + 5. Let b(g) = g**3 - 2*g**2 - 1. Let z(a) = 4*b(a) + x(a). Give z(-5).
16
Let v = 27 + -23. Let o = -1 + v. Let d(a) = -4*a**3 - 2*a + 3*a**3 - 1 + 4*a**2 + 0*a**3 + o*a. Determine d(4).
3
Let q be (10/6 - -1)/((-144)/(-324)) - 5. Let o(x) = -x - x**2 + 4*x**2 + 7*x**2 + 1. Calculate o(q).
10
Suppose -6*c - s = -3*c - 7, -3*s = 2*c + 7. Let m(y) be the second derivative of y**4/12 - y**3/2 + 2*y**2 + 14*y. What is m(c)?
8
Let l(z) = -7*z + 7. Suppose 4*j = -4*j - 88. Let g(p) = -13*p + 14. Let n(f) = j*l(f) + 6*g(f). What is n(7)?
0
Let q(m) = 4*m**3 + 2*m**2 - 2*m - 1. Let w = -290 - -288. Give q(w).
-21
Let u(o) = 4*o**2 - 6*o + 2. Let f(l) = -l**2 + l. Let k(d) = 5*f(d) + u(d). Determine k(3).
-10
Let h(b) = -2 - 3*b + 2*b + 0*b. Let o = -2879 + 2874. Determine h(o).
3
Let w(a) = -4 + 1 - 5 + a + 0. Let n(i) = -1 + 2*i - 5*i - 4*i. Let g be n(-1). Determine w(g).
-2
Let t = -991 + 1001. Let n(v) = v**2 - 8*v - 9. Determine n(t).
11
Let n(l) = -l**2 + 9*l - 23. Let s(d) = -2*d**2 + 19*d - 45. Let a(c) = 5*n(c) - 3*s(c). Let g be a(10). Let h(o) = o**3 - o**2 - 1. Give h(g).
-1
Let s(h) = -h + 6*h - 3*h - 3*h. Let x be s(-12). Let n(u) = u**3 - 11*u**2 - 13*u + 11. Let a be n(x). Let c(z) = 15*z**2 - 1. W